-180
Let g(o) = 2*o**2 - 46*o - 104. Calculate g(25).
-4
Let i(h) = 59*h - 25. Calculate i(-4).
-261
Let q(c) = c**3 + 21*c**2 - 51*c - 571. Determine q(-22).
67
Let m(k) = 138*k - 38. Give m(2).
238
Let y(g) = -g**3 + 79*g**2 - 363*g - 119. Give y(74).
399
Let f(x) = -x**2 - 59*x + 469. What is f(7)?
7
Let m(k) = -k**3 - k**2 + 25*k - 179. Determine m(0).
-179
Let w(r) = 2*r**3 + 71*r**2 + 53*r + 29. Calculate w(-35).
-601
Let z(l) = l**2 + 4*l - 86. What is z(-14)?
54
Let z(q) = -16*q - 53. Calculate z(-20).
267
Let q(a) = 619*a - 3114. Give q(5).
-19
Let b(d) = -48*d - 1197. Give b(-25).
3
Let r(t) = 8*t**2 + 52*t - 8. What is r(-7)?
20
Let h(j) = 846*j - 1680. Give h(2).
12
Let q(v) = -6*v**2 + 25*v - 66. Give q(4).
-62
Let t(c) = 7*c**2 + 85*c. What is t(-13)?
78
Let a(r) = -92*r - 175. Determine a(-2).
9
Let y(f) = 165*f + 778. Give y(-5).
-47
Let b(d) = -2*d**3 - 131*d**2 + 195*d - 408. Give b(-67).
-6
Let b(s) = -4*s**2 + s + 41. Determine b(-7).
-162
Let p(l) = 112*l - 732. Give p(6).
-60
Let i(d) = -101*d + 1108. Calculate i(11).
-3
Let u(m) = 1315*m - 7891. Give u(6).
-1
Let q(a) = a**3 - 12*a**2 + 46*a - 365. Give q(11).
20
Let o(u) = u**3 + 8*u**2 - u - 20. Give o(-2).
6
Let z(u) = -u**3 + 24*u**2 - 52*u - 228. Give z(21).
3
Let o(g) = -3*g**2 + 621*g + 1245. What is o(-2)?
-9
Let c(f) = 5*f**2 - 819*f - 2470. Determine c(-3).
32
Let w(g) = 278*g + 461. Calculate w(-2).
-95
Let w(n) = -n**3 - 28*n**2 + 11*n + 43. What is w(-29)?
565
Let n(z) = z**3 + 81*z**2 + 77*z - 315. What is n(-80)?
-75
Let o(y) = y**2 - 26*y - 104. Determine o(14).
-272
Let n(j) = -143*j + 814. Determine n(6).
-44
Let h(b) = b**3 + 28*b**2 - 56*b - 6. What is h(-30)?
-126
Let x(r) = 43*r + 243. What is x(-6)?
-15
Let t(x) = 73*x + 413. What is t(-7)?
-98
Let h(p) = 54*p + 177. Give h(3).
339
Let p(t) = 19*t**3 - t**2 + 81*t + 82. Give p(-1).
-19
Let n(j) = -2*j**3 + 10*j**2 - 22*j + 50. Calculate n(6).
-154
Let m(x) = 66*x**2 + 379*x - 99. Calculate m(-6).
3
Let t(z) = -4*z**3 + 175*z**2 - 137*z + 346. What is t(43)?
2
Let n(g) = -g**3 - 24*g**2 - 18*g + 125. Calculate n(-23).
10
Let f(r) = 4845*r - 87189. Determine f(18).
21
Let f(t) = 23*t - 340. Determine f(13).
-41
Let q(d) = -4*d**2 + 69*d - 313. What is q(5)?
-68
Let h(i) = 33*i + 119. Calculate h(-9).
-178
Let g(z) = -z**2 + 265*z - 17383. Calculate g(119).
-9
Let p(i) = -48*i + 726. Determine p(15).
6
Let z(l) = 448*l + 23739. What is z(-53)?
-5
Let k(r) = r**3 - 30*r**2 + 161*r + 1. Determine k(23).
1
Let u(f) = 7*f**2 + 193*f + 75. Calculate u(-27).
-33
Let f(v) = v**2 + 23*v - 758. Calculate f(-43).
102
Let w(x) = 3*x**2 - 33*x + 9. Determine w(0).
9
Let k(c) = -2*c - 107. What is k(-38)?
-31
Let o(u) = 356*u - 3918. What is o(11)?
-2
Let t(x) = -3*x**2 + 33*x - 62. What is t(2)?
-8
Let x(f) = 107*f + 33. Calculate x(2).
247
Let f(z) = z**3 + 10*z**2 - 16*z - 53. Calculate f(-10).
107
Let y(u) = 447*u + 4053. What is y(-9)?
30
Let x(u) = -321*u - 777. Give x(-3).
186
Let s(u) = u**2 - 13*u - 456. Determine s(-16).
8
Let x(a) = -11*a**2 + 82*a - 91. Determine x(5).
44
Let m(x) = 8*x + 1055. What is m(-106)?
207
Let q(x) = x**2 - 2. Give q(0).
-2
Let h(n) = 230*n + 64. Determine h(5).
1214
Let g(a) = 2420*a - 4839. Give g(2).
1
Let y(l) = l**3 - 46*l**2 + 252*l - 3522. Determine y(42).
6
Let b(z) = z**3 + 9*z**2 - 36*z - 4. Calculate b(-10).
256
Let o(k) = -k**3 + 11*k**2 + 108*k - 88. Give o(17).
14
Let o(m) = 5*m**2 + 728*m + 9209. Determine o(-14).
-3
Let b(r) = 2*r**2 + 17*r + 57. Give b(-11).
112
Let d(a) = 6*a**2 - 35*a + 42. Give d(2).
-4
Let p(m) = 3*m**2 + 66*m - 34640. What is p(97)?
-11
Let l(x) = -x**3 + 12*x**2 + 31*x - 16. Give l(16).
-544
Let j(c) = -88*c + 61. What is j(2)?
-115
Let y(u) = -u**3 + 27*u**2 - 2*u - 48. Determine y(27).
-102
Let r(x) = x**2 - 28*x + 178. What is r(18)?
-2
Let m(w) = -21*w + 111. Calculate m(12).
-141
Let k(h) = -6*h**2 - 81*h - 124. What is k(-2)?
14
Let n(m) = -24*m**3 - 261*m**2 + 39*m - 49. Give n(-11).
-115
Let y(x) = x**3 + 2*x**2 - 9*x + 25. What is y(2)?
23
Let s(o) = 3*o**3 - 12*o**2 - 29*o + 2. What is s(-2)?
-12
Let q(a) = 10*a**3 + a**2 + a - 1. Give q(-1).
-11
Let l(t) = 1264*t + 10096. What is l(-8)?
-16
Let m(f) = 84*f**2 - 13. What is m(-2)?
323
Let d(l) = -12*l + 13. What is d(-2)?
37
Let o(l) = -2*l**2 + 905*l + 41540. What is o(-42)?
2
Let v(f) = -61*f**2 - 17*f - 29. Calculate v(-2).
-239
Let k(s) = -s**3 - 11*s**2 + 31*s - 172. What is k(-14)?
-18
Let n(x) = 17*x**2 - 42*x - 164. Calculate n(-5).
471
Let t(x) = x**3 + 4*x**2 + 1996*x + 6003. Calculate t(-3).
24
Let a(b) = b**2 - 1495*b - 9000. Give a(-6).
6
Let d(k) = 9*k**2 + 90*k - 170. What is d(-11)?
-71
Let o(b) = -4059*b + 48706. Calculate o(12).
-2
Let w(v) = -212*v + 826. What is w(6)?
-446
Let y(p) = p**2 - 44*p + 190. Determine y(38).
-38
Let r(t) = -t**3 - 51*t**2 - 36*t - 1855. Calculate r(-51).
-19
Let l(b) = -31*b**2 + b - 14. Give l(4).
-506
Let o(g) = 4*g + 166. Calculate o(-35).
26
Let y(u) = u**3 - 22*u**2 + 54*u + 466. Calculate y(8).
2
Let s(i) = 73*i - 6. Calculate s(-2).
-152
Let z(b) = -b**3 + 16*b**2 + 104*b + 11. Determine z(21).
-10
Let q(l) = 2*l**2 - 21*l + 12. Calculate q(5).
-43
Let r(i) = 19*i - 2. Give r(-4).
-78
Let d(r) = 941*r - 1028. Give d(1).
-87
Let q(h) = -h**3 + 6*h**2 - 9*h + 40. Give q(6).
-14
Let b(k) = 78*k**2 + 13*k. What is b(-1)?
65
Let y(r) = -23*r**2 - 7*r + 26. What is y(2)?
-80
Let i(y) = 55*y - 4631. Calculate i(84).
-11
Let j(u) = 2*u**3 + 6*u**2 - 142*u + 488. Calculate j(4).
144
Let h(d) = 3*d**3 - 11*d**2 + 19*d - 2. Calculate h(2).
16
Let f(j) = -j**3 + 2*j**2 + 250*j + 8. Give f(17).
-77
Let i(d) = -3*d + 300. Calculate i(88).
36
Let r(h) = -3*h**3 + 1036*h**2 - 1378*h + 682. Calculate r(344).
-6
Let v(d) = -20*d - 74. Give v(-8).
86
Let f(x) = 75*x - 229. Give f(3).
-4
Let k(r) = 164*r - 496. Determine k(3).
-4
Let p(k) = 12*k**2 - 154*k - 863. Give p(17).
-13
Let u(r) = 2*r**3 - 9*r**2 + 16*r + 43. Determine u(5).
148
Let m(i) = -2*i**2 - 75*i + 333. Determine m(-42).
-45
Let m(l) = -32*l + 1694. Calculate m(53).
-2
Let g(x) = -x**2 - 204*x - 6563. Determine g(-40).
-3
Let f(m) = -64*m + 37. Give f(4).
-219
Let x(r) = r**3 - 7*r**2 - r - 25. What is x(8)?
31
Let s(c) = -4*c**2 + 60*c + 496. Give s(21).
-8
Let d(y) = -15*y + 50. Determine d(10).
-100
Let r(x) = -886*x + 5316. Give r(6).
0
Let h(l) = 1157*l - 35. Calculate h(1).
1122
Let f(v) = -2*v**2 - 24*v + 127. Calculate f(4).
-1
Let l(y) = y**2 - 24*y - 40. Determine l(22).
-84
Let d(s) = 17*s + 238. Calculate d(-13).
17
Let q(o) = 104*o - 4107. Determine q(40).
53
Let m(g) = -16*g + 301. Determine m(11).
125
Let r(c) = -c**2 - 75*c - 100. What is r(-6)?
314
Let i(a) = -131*a + 6346. Give i(47).
189
Let x(s) = 9*s**2 - 65*s + 97. Calculate x(5).
-3
Let f(a) = a**2 + 288*a - 14839. Give f(45).
146
Let g(p) = -p**3 + 15*p**2 - 15*p - 8. Give g(5).
167
Let l(w) = -35*w**2 - 24*w + 83. Determine l(3).
-304
Let u(m) = 8*m + 218. Determine u(-23).
34
Let p(n) = -n**3 - 9*n**2 + 50*n - 19. What is p(-13)?
7
Let h(v) = -5*v - 299. Calculate h(-62).
11
Let d(u) = -u**2 + 11*u + 14. Determine d(15).
-46
Let b(m) = -15*m**2 + 510*m + 20. What is b(34)?
20
Let i(m) = 4*m**2 + 74*m + 280. Calculate i(-14).
28
Let a(k) = -3*k**3 - 763*k**2 + 485*k - 6366. Determine a(-255).
9
Let k(s) = 10*s - 829. What is k(82)?
-9
Let v(n) = 118*n - 1074. Give v(9).
-12
Let l(f) = f**3 + 32*f**2 - 68*f + 44. Give l(-34).
44
Let b(x) = -x**2 + 168*x + 1766. What is b(-10)?
-14
Let l(w) = -56*w + 352. Give l(8).
-96
Let b(r) = -3*r**3 + 64*r**2 - 164*r + 3018. What is b(21)?
15
Let m(n) = -n**3 - 19*n**2 + 155*n + 120. Calculate m(-25).
-5
Let d(x) = -x**3 - 47*x**2 + 151*x + 33. Give d(-50).
-17
Let o(u) = -u**3 - 13*u**2 + 100*u - 41. Calculate o(5).
9
Let g(b) = 7*b - 128. Determine g(7).
-79
Let h(j) = j**3 - 117*j**2 + 102*j + 1643. Determine h(116).
19
Let s(y) = -y**3 + 12*y**2 - 23*y + 71. What is s(10)?
41
Let v(i) = -10*i**2 - 123*i + 395. Determine v(-15).
-10
Let n(s) = 51*s - 1479. What is n(26)?
-153
Let i(t) = -t**3 + 18*t**2 + 10*t - 13. Give i(18).
167
Let b(v) = -v**2 - 62*v - 284. Determine b(-55).
101
Let n(g) = g**2 + 776*g - 7064. Determine n(9).
1
Let z(j) = -j**3 - 8*j**2